1110111000 (base 2) to base 13
-b90
-142453 (base 7) to base 2
-110101011000011
What is 566 (base 16) in base 13?
824
What is -15b6 (base 15) in base 11?
-3567
-e91 (base 16) to base 2
-111010010001
What is -23 (base 6) in base 9?
-16
What is 170 (base 14) in base 5?
2134
70921 (base 10) to base 5
4232141
a771 (base 12) to base 15
569d
Convert 23033 (base 4) to base 13.
434
Convert -62602 (base 9) to base 14.
-110ac
Convert -b969 (base 12) to base 6.
-234213
Convert -20223211 (base 4) to base 2.
-1000101011100101
Convert -b683 (base 14) to base 11.
-21714
-1cd (base 15) to base 14
-21c
1001100101 (base 2) to base 12
431
Convert 10001100111100 (base 2) to base 13.
414b
Convert -915 (base 12) to base 6.
-10025
-1396 (base 10) to base 5
-21041
What is 45054 (base 8) in base 16?
4a2c
Convert -746 (base 11) to base 16.
-381
-62526 (base 8) to base 7
-135430
Convert -1101011001010 (base 2) to base 10.
-6858
Convert -1523 (base 8) to base 4.
-31103
What is 22403 (base 5) in base 3?
2012101
Convert 8666 (base 9) to base 14.
2478
What is 10402 (base 6) in base 13?
86c
Convert -10101010100000 (base 2) to base 4.
-2222200
Convert -174 (base 11) to base 7.
-406
Convert 1140 (base 11) to base 13.
8b1
Convert -335c (base 13) to base 16.
-1c07
Convert -2aa (base 12) to base 4.
-12202
Convert -170 (base 15) to base 11.
-280
What is 633 (base 8) in base 9?
506
Convert -5cf (base 16) to base 13.
-8a5
Convert -3332100 (base 4) to base 8.
-37620
-33003 (base 5) to base 3
-10002110
What is -2350 (base 7) in base 5?
-11433
Convert -9353 (base 12) to base 4.
-3322233
Convert 1245 (base 7) to base 3.
122120
Convert 404224 (base 5) to base 8.
31410
Convert 142 (base 5) to base 9.
52
Convert 345 (base 14) to base 7.
1615
-16e (base 16) to base 9
-446
-3231 (base 4) to base 14
-12d
Convert 4022 (base 16) to base 3.
211112002
Convert -1011101110 (base 2) to base 9.
-1023
What is 30411 (base 7) in base 4?
1303233
272 (base 16) to base 5
10001
646a (base 15) to base 2
101001100000010
-2201 (base 5) to base 16
-12d
-315 (base 8) to base 6
-541
What is 217 (base 14) in base 4?
12131
Convert 1342 (base 6) to base 11.
299
1204 (base 12) to base 4
133210
Convert -1386 (base 11) to base 2.
-11011111100
Convert 2674 (base 10) to base 8.
5162
Convert 337 (base 13) to base 15.
26d
Convert 100001010101 (base 2) to base 7.
6135
43 (base 14) to base 2
111011
1110011100 (base 2) to base 4
32130
Convert 2015 (base 6) to base 4.
12323
-232354 (base 6) to base 5
-1120024
Convert 312123 (base 5) to base 9.
15101
Convert 375 (base 15) to base 3.
1002002
Convert 100010100011000 (base 2) to base 8.
42430
Convert 2354 (base 6) to base 7.
1450
Convert -857 (base 9) to base 4.
-22330
Convert -13ec (base 15) to base 12.
-2580
What is -940 (base 11) in base 2?
-10001101101
What is 3667 (base 8) in base 13?
b8c
3a968 (base 11) to base 14
173d2
Convert 360 (base 15) to base 14.
3c9
What is -3715 (base 9) in base 4?
-223100
-6a0 (base 15) to base 4
-113130
What is 1323102 (base 4) in base 6?
100310
What is ee (base 16) in base 4?
3232
What is -4503 (base 13) in base 2?
-10010110100100
What is 601 (base 8) in base 10?
385
What is 10012 (base 4) in base 7?
523
Convert -10001110121 (base 3) to base 15.
-12c2d
Convert -14025 (base 7) to base 2.
-111011010000
What is -314033 (base 5) in base 14?
-3b94
What is -23048 (base 9) in base 12?
-8a75
Convert 11011022 (base 3) to base 10.
3032
-24a81 (base 11) to base 5
-2122110
Convert -86 (base 12) to base 15.
-6c
What is f1e (base 16) in base 8?
7436
What is -1425 (base 6) in base 12?
-275
What is 300102 (base 4) in base 7?
12003
23100 (base 6) to base 4
303030
Convert -58247 (base 11) to base 9.
-137375
Convert -2405 (base 6) to base 9.
-715
What is -100102 (base 5) in base 15?
-e02
What is b396 (base 16) in base 3?
2100001202
What is -110031033 (base 4) in base 5?
-10122032
What is 101 (base 11) in base 10?
122
Convert 1214 (base 5) to base 3.
20211
What is 17404 (base 10) in base 8?
41774
Convert -2ad5 (base 15) to base 7.
-35552
Convert 4a6 (base 14) to base 13.
567
45713 (base 8) to base 16
4bcb
Convert -2121221 (base 3) to base 5.
-30130
What is 30025 (base 8) in base 2?
11000000010101
-1055055 (base 6) to base 13
-1b902
-681 (base 10) to base 8
-1251
-21382 (base 9) to base 15
-42e8
14255 (base 13) to base 8
111575
Convert -618 (base 16) to base 4.
-120120
Convert 35210 (base 8) to base 3.
202112222
Convert 4781 (base 11) to base 6.
44552
-171 (base 14) to base 12
-207
28a (base 16) to base 2
1010001010
-1010001100101 (base 2) to base 3
-21011101
What is -1133033 (base 4) in base 11?
-4641
Convert 10838 (base 10) to base 3.
112212102
162 (base 7) to base 11
85
Convert -2303 (base 6) to base 13.
-32a
Convert -1010001110 (base 2) to base 10.
-654
10c5 (base 16) to base 12
2599
-5354 (base 9) to base 6
-30121
Convert -180 (base 16) to base 3.
-112020
Convert -1020201 (base 3) to base 2.
-1110001110
19562 (base 11) to base 2
110101010011101
2530 (base 7) to base 4
32320
What is -2010133 (base 4) in base 3?
-102122001
7607 (base 11) to base 8
23502
Convert 20521 (base 6) to base 3.
10211011
-100023121 (base 4) to base 15
-1497a
Convert -cea0 (base 16) to base 7.
-310134
Convert 13ea (base 16) to base 5.
130343
Convert 7627 (base 13) to base 16.
402a
What is 114102 (base 5) in base 15?
1402
-355 (base 11) to base 13
-267
What is -7a (base 12) in base 6?
-234
What is -12121020 (base 3) in base 16?
-ff3
-138e (base 15) to base 4
-1001120
21033 (base 4) to base 14
303
124421 (base 5) to base 8
11572
What is 63 (base 15) in base 6?
233
Convert 584 (base 10) to base 11.
491
Convert 11010110101 (base 2) to base 6.
11541
-2842 (base 10) to base 11
-2154
What is -13ac (base 16) in base 2?
-1001110101100
2134 (base 5) to base 2
100100110
80 (base 10) to base 8
120
Convert -44204 (base 8) to base 16.
-4884
Convert 12210102 (base 3) to base 13.
1bcb
Convert -5ec (base 15) to base 16.
-543
-3412 (base 7) to base 12
-86a
Convert 10002011 (base 3) to base 8.
4305
What is 8418 (base 9) in base 11?
4702
What is 125332 (base 6) in base 4?
2310320
Convert 2256 (base 12) to base 7.
14052
What is 4235 (base 7) in base 4?
113120
-2212102 (base 4) to base 5
-320032
Convert 675 (base 9) to base 6.
2322
What is 32320032 (base 4) in base 8?
167016
Convert -3021 (base 4) to base 7.
-405
-1001020012 (base 3) to base 14
-76dd
2a473 (base 11) to base 9
65171
Convert -1001001110111001 (base 2) to base 3.
-1220212122
Convert -323401 (base 5) to base 16.
-2b5d
-12003 (base 5) to base 16
-36e
What is -905 (base 11) in base 3?
-1111112
What is -d3 (base 14) in base 5?
-1220
Convert 212256 (base 7) to base 16.
8fe8
What is -20342 (base 5) in base 14?
-6c3
What is -21010 (base 6) in base 9?
-3766
-110001100000 (base 2) to base 14
-1224
Convert -11543 (base 8) to base 5.
-124323
What is 19b6 (base 13) in base 8?
7433
What is -1011011000101 (base 2) in base 11?
-441a
Convert -1110011010 (base 2) to base 5.
-12142
Convert -14b66 (base 13) to base 11.
-27580
970 (base 11) to base 5
14131
What is 23051 (base 7) in base 4?
1123223
What is -461 (base 11) in base 8?
-1047
1c5 (base 13) to base 8
512
What is 220 (base 9) in base 7?
345
Convert -b0c6 (base 14) to base 2.
-111011010010110
What is -6212 (base 14) in base 16?
-41e8
Convert -16744 (base 10) to base 15.
-4e64
Convert -38822 (base 12) to base 2.
-10010110110011010
Convert -245 (base 8) to base 16.
-a5
9e3 (base 15) to base 12
1366
540 (base 15) to base 9
1556
What is -559 (base 16) in base 5?
-20434
What is -7231 (base 9) in base 16?
-14ad
-31785 (base 13) to base 15
-1b64c
411112 (base 5) to base 3
200012221
Convert -445 (base 6) to base 13.
-104
3a7 (base 15) to base 4
31000
What is -940 (base 11) in base 15?
-508
What is -4091 (base 11) in base 8?
-12460
Convert -10100001100 (base 2) to base 6.
-5552
What is -722 (base 10) in base 3?
-222202
Convert 11806 (base 11) to base 9.
25218
What is -11020 (base 7) in base 15?
-c3d
-11255 (base 6) to base 16
-653
Convert -160023 (base 8) to base 13.
-20157
What is -4450 (base 6) in base 3?
-1102110
What is 2194c (base 13) in base 10?
60904
What is 7d99 (base 16) in base 13?
11834
What is 1268 (base 12) in base 3?
2212122
What is 22102301 (base 4) in base 3?
2010211112
1a256 (base 11) to base 4
12